147) - ((-1)/3 + 0) a composite number?
False
Let s(g) = g**2 - 4*g - 8. Let l be s(6). Suppose 3*i - 2 = l. Suppose -i*c + 351 = -5. Is c a prime number?
False
Suppose 16*t = -2*t + 17874. Is t a composite number?
True
Suppose 7*o - 69620 = -13*o. Is o composite?
True
Let q be ((-4)/7)/((-6)/21). Let b be -2*(q + -3) - 0. Suppose 4*k + 6*g - b*g - 1064 = 0, 4*k - 1059 = g. Is k a composite number?
True
Is (30633/2)/((-144)/(-96)) composite?
False
Let u(y) = -23*y**3 - 22*y**2 + 27*y - 47. Let b(i) = 8*i**3 + 7*i**2 - 9*i + 16. Let o(k) = -8*b(k) - 3*u(k). Is o(6) a composite number?
False
Let u = -773 + 355. Let j = u + 735. Is j prime?
True
Suppose -5*o + 10 = -5*v + 35, -5 = o + 2*v. Let l(x) = -3*x**3 + 6*x**2 - 4*x. Is l(o) composite?
True
Let o(i) be the third derivative of -5*i**4/8 - 19*i**3/6 + 7*i**2. Let x(g) = g. Let w(p) = o(p) + 6*x(p). Is w(-8) a composite number?
False
Let q(a) = 312*a + 1178. Is q(68) prime?
False
Let o(n) = -3*n - 15. Let z be o(-6). Suppose z*g + g + 928 = 0. Is (g/(-12))/((-6)/(-207)) composite?
True
Let m = -2 - 1. Let w(k) = 71*k - 2 - 12*k**2 - 76*k + 33*k**2 + 0. Is w(m) prime?
False
Let v = -1953 + 2834. Let b = v + -364. Is b a prime number?
False
Let z(o) = -o**2 - 7*o. Let r be z(-7). Suppose -2*s = -y - 3*s + 19, y - 5*s - 31 = r. Is y + (4 - 2) + -2 a composite number?
True
Suppose 14*b - 21969 = -1823. Is b prime?
True
Suppose 3 = 4*a + z, -4*z = z + 25. Suppose -6*m + 2*m = a*r - 874, 2205 = 5*r + 5*m. Is r composite?
True
Let n(m) = -m**3 + m**2 - m. Let o be n(-1). Suppose 1 = z + 4, -o*y - 5*z = -5454. Is y a composite number?
False
Suppose -23*x + 13388 = -19*x. Is x a composite number?
False
Let h = 4066 - -15553. Is h a composite number?
True
Let n(l) = l**3 - 2*l**2 - l + 7305. Let v be n(0). Let c = -1008 + v. Is c composite?
True
Suppose 3*k = 9, 9*k - 10*k + 544 = v. Is v composite?
False
Let q(p) = p**3 + 5*p**2 + 5. Suppose 3*h - 6*h - 15 = 0. Let a be q(h). Let k = a + 5. Is k a prime number?
False
Suppose -3*m - 93423 = -5*x, -2660 - 34694 = -2*x + 5*m. Is x a composite number?
True
Let z be ((-3)/12)/((-5)/40). Let c be ((-86)/z + -4)*7. Is (-4)/6 - c/3 a prime number?
True
Let i(t) = 2*t**2 + 10*t + 8. Let g be i(-6). Suppose 37*f = 42*f - 35. Let z = g - f. Is z a composite number?
False
Suppose t + 39 = 4*t. Let n(c) = t*c**2 - 1 + 10*c**3 + 5 + 4*c - 8*c**3. Is n(-5) a prime number?
True
Let k(f) = -f**3 + 7*f**2 + 41*f + 41. Is k(-16) composite?
False
Let n(h) = -484*h**3 + h**2 + h + 1. Let i be n(-2). Suppose i + 6370 = 5*f. Is f a composite number?
True
Is 1196/10 + (-123)/205 composite?
True
Suppose 506*r - 11962 = 504*r. Is r a composite number?
False
Suppose -11522 = -4*m - y, 2*y + 14409 = m + 4*m. Is m composite?
True
Suppose 8*g - 12*g = -20. Suppose 4*i - 1572 = 4*q, -g*i - 4 + 1985 = -q. Is i prime?
True
Let y be ((-4)/(-3))/(2/6). Suppose -y = -4*w - 0. Is (-3547)/(-4) - w/(-4) a prime number?
True
Suppose 4*m - 2088 = 2*v, 3*m - 5*v + 3*v = 1566. Let o = m - -217. Is o prime?
True
Let j be -1 + (15 - 0)/5. Suppose 2*x - 2522 = -4*w, -w + x = -j*w + 630. Is w composite?
False
Suppose -2*b + 90 = 3*p + 2*p, -5*b = -25. Suppose 0 = -p*i + 14*i + 1774. Is i a prime number?
True
Suppose -40*w - 31*w + 126167 = 0. Is w prime?
True
Let v = 43 - 43. Suppose 0 = 5*k + q - 5*q - 6453, v = q - 3. Is k a prime number?
False
Suppose 5*r - 6*r = 172. Let x = r + 426. Is x composite?
True
Let z = 22 + -20. Suppose 0 = -3*x + 7 + z. Is 3 + 486 + x + -1 a prime number?
True
Let s = 11716 - 3225. Is s composite?
True
Suppose -2*z + 4 = -8. Let q(m) = 44*m - 1. Let y(i) = -43*i + 2. Let d(s) = 5*q(s) + 4*y(s). Is d(z) a composite number?
True
Let q = -22 + 32. Let g(t) = -t**2 + 12*t - 14. Let d be g(q). Let i(r) = 10*r**2 - 3*r - 11. Is i(d) a prime number?
True
Let t = 8 + -8. Suppose t = -5*m + 1060 + 1645. Is m a composite number?
False
Let m(a) = a**3 + 3*a**2 - 2*a - 2. Let n be m(-4). Is 1 + 215/n*-12 prime?
False
Suppose x - 264 + 16 = 0. Let v = x - -1375. Is v prime?
False
Let h(u) = -u**3 + 11*u**2 - 8*u + 14. Let t = 74 + -44. Suppose 0 = -o + 4*o - j - t, 5*j = 0. Is h(o) prime?
False
Suppose 53*f + 10*f = 744597. Is f prime?
False
Suppose 15*i - 6*i = 14949. Let u = -490 + i. Is u composite?
False
Suppose -9 = -3*u + 9. Suppose 32 - u = w. Is (-4)/(-3 - -7) + w a prime number?
False
Let r be 4/14 - (-9367)/119. Suppose -5*m = -4*m - r. Is m prime?
True
Suppose -5*d - 30 = -7*d. Is (10/d)/(1 - (-16)/(-18)) prime?
False
Let y(x) = 10*x**2 - x + 1. Let l(s) = s**2. Let z(p) = -3*l(p) + y(p). Let g be z(3). Let k = g - -36. Is k composite?
False
Let v(n) = n**2 - 15*n - 29. Let b be v(17). Suppose b*o = -k + 6550, 4*k = 4*o + 19175 + 6953. Is k composite?
True
Let t(w) = 18*w**2 - 4*w - 73. Is t(-8) prime?
False
Let c = -97 + 11764. Is c a composite number?
True
Is -2*(-5 + 2548/(-8)) composite?
False
Let n(y) = y**3 + 55*y**2 - 21*y - 80. Is n(-27) prime?
True
Let z = -887 - -3608. Is z prime?
False
Let h(n) = -15*n**3 - 6*n**2 + 10*n - 20. Let q be h(-7). Let w = -3376 + q. Is w composite?
True
Is 335244/117 + (-1)/3 + -4 prime?
True
Suppose -3*b + 5*v + 3037 = 0, -5*b + 2677 + 2362 = 3*v. Is b a prime number?
True
Is ((-1449)/(-6) + 2)/((-16)/(-32)) prime?
True
Let c(v) = 1216*v + 257. Is c(9) composite?
True
Suppose -18*s - 48662 = -3*o - 14*s, 0 = -5*o + 2*s + 81108. Is o composite?
True
Suppose -16 = -t + 181. Let w = 230 + t. Is w a prime number?
False
Let p = 50 - -95. Is p a prime number?
False
Suppose -4*p - 8986 = 4*a - 35822, 0 = 4*a - p - 26846. Is a composite?
True
Suppose 2*c + 72804 = 3*t + 2871, 2*c = -t + 23311. Is t a composite number?
False
Let i(l) = l**3 + 5*l**2 - 12*l + 9. Let s be i(-7). Let q(u) = -9 - 5*u - 2*u - 3. Is q(s) composite?
False
Let a(s) = 2*s**2 - 10*s + 1. Let g be a(5). Let o be (-1 + (g - 2))*2. Is 416/2 + (-3 - o) a composite number?
True
Let d = -12954 + 20527. Is d prime?
True
Suppose 0 = -3*o - 0*o. Suppose 2*a + 0*a = -v + 8, o = 2*v. Suppose -5*y = -5*g - 170, -3*y = -4*y - a*g + 39. Is y prime?
False
Suppose -10*h + 24623 = 3*f - 5*h, -3*f = -h - 24599. Is f a prime number?
False
Let f(k) = -k**2 + 8*k + 14. Let b be f(9). Suppose -u - 4*u = -b*j - 1950, -4*j - 1951 = -5*u. Is u prime?
False
Suppose -p = v, -p - 4*p - 10 = 0. Suppose -3*t + v*f = f + 1877, 0 = -4*t - 2*f - 2506. Let y = t + 1597. Is y a composite number?
False
Let o = -2817 + 8716. Is o a composite number?
True
Let p(n) = n**2 + 9*n - 2. Let h = 18 + -27. Let j be p(h). Is 163 + -2 - (j - -2) composite?
True
Is 10/105 - 1305/(-189) - -12190 prime?
True
Let l be -2 - ((-2232)/(-10))/((-6)/30). Suppose -l = 15*i - 17*i. Is i prime?
True
Let p(j) = 54*j**3 - 2*j**2 + 7*j + 4. Is p(5) prime?
False
Let l(m) = -11*m**3 - 7*m**2 - 11*m - 74. Is l(-7) a composite number?
False
Let i(y) = -18*y + 52. Let l be i(-21). Suppose -5*z - l = -7*z. Is z composite?
True
Let j(y) = -2*y + 307. Let d = 16 + -16. Is j(d) a prime number?
True
Suppose 3*i + 2*k - 1439 = k, 5*i - 2387 = 4*k. Is i a composite number?
False
Let u(h) = -h**3 + 14*h**2 + 2*h - 18. Let l be u(14). Let g = l + -5. Suppose g*j = -15, -430 = -3*i - i + 2*j. Is i composite?
True
Let n(v) = 22*v**2 - 3*v + 7. Let j(i) = -i + 1. Let r be j(-2). Suppose -h - r = -7. Is n(h) a prime number?
True
Suppose -l + 3*h = -9, 0 = -4*l - h + 26 + 49. Is (9/l)/(3/4326) a prime number?
False
Let w(v) = 6 - 80*v**3 + 43*v**3 - 3 - 29*v**3 - 2*v**2. Is w(-4) prime?
False
Let r(j) = -16*j**2 - 4. Let l be r(3). Let d = -208 - l. Let i = d - -297. Is i composite?
True
Let f(c) = -1755*c**3 - 6*c - 4. Is f(-1) prime?
False
Let g(d) be the third derivative of d**4/6 + d**3 - 3*d**2. Let i be g(4). Let z = -1 + i. Is z a prime number?
False
Suppose q - 2*q + 523 = 0. Suppose 3*l - v = -0*l + 1529, -l + q = -3*v. Suppose 0 = 4*s - 3*z - l, 2*s - 3*z + 5*z - 254 = 0. Is s a prime number?
True
Let t be -2 - 12/9*-6. Suppose -t*a = -4*a - 134. Is a a composite number?
False
Let c(j) = -j**3 - 2*j**2 - j + 7. Let d be c(-3). Let o(p) = 2*p**2 - 8*p - 9 + d - p**2. Is o(8) prime?
False
Let a = 133 - 123. Suppose 4711 - a = 3*f. Is f prime?
True
Let t be (-10)/(-4)*(-10 + 12). Suppose 0*i = 3*i - 15, -t*n - 4*i + 1255 = 0. Is n